 3*b. Is u(t) composite?
False
Let i(m) = 10*m + 2 - 8 + 1. Let l be (8/(-10))/((-7)/35). Is i(l) a composite number?
True
Let u be 33 - 1 - (-4 + 4). Let k = u - -13. Suppose -z - 669 = -4*c - k, 2*c + 5*z - 290 = 0. Is c composite?
True
Let j = -2 + 5. Suppose 4 = 3*f + 4*x, j*x - 5*x - 20 = -4*f. Is (2 + 2)*65/f composite?
True
Suppose 5*a + 2*v = 304, -5*a + 290 = 3*v - 8*v. Suppose -2*j + 0*j - 4*i + 20 = 0, -5*j + a = 5*i. Is j prime?
False
Suppose -21 - 51 = -3*l. Suppose 0 = -2*i + l - 4. Let r(g) = -g**3 + 10*g**2 + g - 1. Is r(i) prime?
False
Let z be (0/2)/(1 - -1). Suppose -971 = -p + 3*d, -4*p - 4*d + 1313 + 2571 = z. Is p prime?
True
Let c(g) = g**3 + 13*g**2 - 16*g + 1. Is c(-11) composite?
False
Let f(x) = x**2 + 4*x + 9. Let z be f(-7). Suppose -5*r = -10 + z. Is 687/9 + r/(-6) prime?
False
Suppose 6*p + 93 = 3*p. Suppose -3*n + 2 = -1. Is 2/n - (-2 + p) composite?
True
Let i(b) = -b**2 + 5*b + 1. Suppose 32 - 7 = 5*x. Suppose 6*y + 4*u - 3 = y, 0 = -x*y + u + 18. Is i(y) a prime number?
True
Suppose 0 = -3*y - 3*z - 3 - 0, 0 = -5*z - 15. Suppose -x - y*m - 29 + 178 = 0, 4*m - 143 = -x. Is x prime?
False
Suppose 0 = -l + 52 + 39. Is l a composite number?
True
Suppose w - 5*a - 5 = -1, -w + 4 = -3*a. Suppose w*d - 361 = 235. Is d prime?
True
Let r be 3 + (-2 - 0) + -1. Suppose 0 = -r*y + 3*y - 273. Let l = 0 + y. Is l a prime number?
False
Is (-616)/12*(-3)/2 a prime number?
False
Let o be 38/4 - (-6)/(-12). Suppose 3*z - 5*l + o = 68, 5*z - 5*l = 105. Suppose 4*m = z + 189. Is m composite?
False
Suppose -16 = 2*m - 5*m + 5*a, -2*m + 5*a = -19. Let t be (-86)/2*3/m. Let w = t + -8. Is w a prime number?
False
Is (-21424)/(-56) + (-3)/(-7) a prime number?
True
Suppose -2*n + 2 = -2. Suppose n*f + 2*f + 4*a = 36, f - 3*a = 25. Is f prime?
True
Let b(t) = -t**2 + 5*t + 4. Let v be b(6). Is (-85)/(-5) - v/1 composite?
False
Let o be 2/(-1) - (1 + -46). Suppose -n - 22 = s, 44 = -2*n - 0*n - 5*s. Let g = n + o. Is g a prime number?
False
Let l(j) be the first derivative of 2 + 85*j - 1/2*j**2. Is l(0) a prime number?
False
Let s(t) = -59*t + 3. Let d be s(-4). Let n be 87 - -10 - 1*3. Let a = d - n. Is a composite?
True
Let v(s) = -21*s**2 - 9*s - 4. Let o(u) = -20*u**2 - 8*u - 3. Let a = 6 + -2. Let t(n) = a*v(n) - 5*o(n). Is t(-3) prime?
True
Let a(u) = -u**3 - 7*u**2 - 7*u + 7. Let l(h) = -9*h - 3. Let y(b) = 10*b + 4. Let r(d) = 4*l(d) + 3*y(d). Let p be r(1). Is a(p) a prime number?
True
Suppose -3*o - 3*c + 5*c = -1245, -o = -2*c - 419. Is o a prime number?
False
Let o(y) be the third derivative of y**5/60 - y**4/6 - y**3/3 - y**2. Suppose -4*s = s + 3*x - 54, 6 = 2*x. Is o(s) a prime number?
True
Suppose 0 = 4*a - 2*a - 6. Suppose -q + 4 = a*q, -5*h = 5*q - 640. Is h composite?
False
Let k = -3 + 5. Suppose -2*a = -t - k + 6, -4*t - 2*a = -6. Let s(i) = 6*i**3 + i**2 + 1. Is s(t) prime?
True
Let h(m) = 6*m**2 + 14*m - 7. Is h(-8) prime?
False
Suppose 5*x = 3*r - 244, -r + 3*x = -3*r + 150. Let f = -47 + r. Is f a composite number?
False
Let g(r) = -2*r - 3. Let j be g(-10). Suppose 2*d - 55 = -j. Is d a prime number?
True
Let i(n) = -n**3 - 3*n**2 + 10*n + 6. Let q be i(-5). Suppose 7*k - 111 = q*k. Is k prime?
False
Let s = -3 + 85. Is s composite?
True
Suppose -2*f + 180 = -134. Is f prime?
True
Let o(x) = x**2 + 5*x + 3. Let l be o(-3). Is l/(-6) - (-25)/2 composite?
False
Let c = -1 + -1. Let h = 2 + c. Suppose 2*p - p - 21 = h. Is p a composite number?
True
Let y(b) = 222*b**2 - 2*b - 1. Is y(-1) prime?
True
Let w(d) = d**3 + 23*d**2 - 27*d - 34. Is w(-23) composite?
False
Let o(d) = 2*d**3 + d**2 + d + 8. Let r be o(6). Suppose -r = -4*t - 166. Is t a prime number?
True
Suppose 5*h - 3*a - 18 - 51 = 0, 36 = 2*h - 4*a. Suppose -h = 4*d - 36. Is d prime?
False
Suppose 3*m - 3 = -2*p, 2*p - 4*p - 2*m = 2. Let l(o) = -o**2 - 8*o - 8. Let v be l(p). Suppose -342 + 10 = -v*d. Is d a prime number?
True
Suppose 0 = -13*v + 14*v. Suppose -2*a + v = -26. Is a composite?
False
Let o = 181 + -122. Is o composite?
False
Suppose -3*y - y - 3685 = -5*z, -5*y + 2174 = 3*z. Is z composite?
False
Let m be 1335/4 - (-2)/8. Suppose f + f - m = 0. Suppose 0 = 4*v - 325 - f. Is v a composite number?
True
Is 16342/22 + (-8)/(-44) a prime number?
True
Suppose p - 2*p + 168 = 0. Let f = 55 + p. Is f a prime number?
True
Let j(l) = -18*l**3 - 2*l**2 + 3. Let s be j(4). Let a = 785 + s. Is 4/(-20) + a/(-5) a composite number?
False
Let s(u) = -255*u - 3. Let j be s(-3). Is (5/(-15))/((-2)/j) a composite number?
False
Suppose -16 = -4*i - 4*g, 0*i - 3*g - 28 = -5*i. Suppose 4*p = -3*f + 8, 0*f - 10 = -5*p - i*f. Suppose 260 = 4*b - 2*h + h, 0 = p*h. Is b prime?
False
Is (-1)/(2/7 + 5938/(-20734)) prime?
True
Let w(u) = -u**3 - 7*u**2 - 9*u - 10. Let i be w(-6). Is (-1)/8 - (-2073)/i a composite number?
True
Is 1/((-2400)/(-2395) + -1) a prime number?
True
Let j(v) = -v**3 + 15*v**2 - 8*v - 15. Is j(11) a composite number?
True
Is (4 - 6 - 0) + 113 composite?
True
Let x(n) = -n + 5. Let b(l) = 9 + l - 9. Let m be b(-6). Is x(m) a composite number?
False
Suppose -5*h - 12 = q, -2*q + 2*h = -3*q - 3. Is (-1142)/(-6) - (-2)/q prime?
True
Let a(f) = -9*f + 3. Let o be a(1). Let c(z) = -z**2 - 6*z - 4. Let i be c(-4). Is (-3)/o*i + 17 a prime number?
True
Suppose -86 = -2*h + 4. Suppose -5 = -d + 9. Let f = h - d. Is f prime?
True
Suppose 4*s - 864 = s + 5*q, 1163 = 4*s - 3*q. Is s prime?
True
Let n be (-4)/10 - (-88)/20. Let s(a) = 4 - 3*a + 19*a**2 - 17*a**2 - n*a. Is s(7) composite?
False
Let i be (0 + 0/2)*1. Suppose -5*w - 36 = -d - d, 5*d - 2*w - 48 = i. Suppose -3*v + 96 = 3*g, -d = v + 3*g - 34. Is v prime?
False
Is ((-3508)/(-10))/(28/70) prime?
True
Is (-2 - -3)/((-1)/(-53)) prime?
True
Let r(v) = 3*v**2 + 4. Let j(a) be the second derivative of a**5/20 + a**4/4 - 2*a**3/3 - 3*a**2/2 - 3*a. Let w be j(-4). Is r(w) a composite number?
False
Let f(o) = 4*o + 4. Let i be f(-2). Is (-51)/(6/i - 0) a prime number?
False
Suppose r - 1 = -10. Let u(j) = -j**3 - 10*j**2 - 12*j + 10. Is u(r) a composite number?
False
Suppose 3*p = p. Let o(d) = p - 2*d + 2*d**3 - 3*d**2 - 5 - 3*d**3. Is o(-5) prime?
False
Let n(l) = -14*l - 6. Let s be n(-5). Let p(w) = -w**3 - 3*w**2 - 4*w - 7. Let g be p(-4). Let x = s - g. Is x a prime number?
False
Suppose 0 = -u + 38 + 12. Suppose -2 = -2*n, 19 + u = w - 2*n. Is w a composite number?
False
Suppose -2*c = -3*c. Suppose -5*g + 77 + 168 = c. Is g composite?
True
Let x = 11 - -20. Is x composite?
False
Suppose 0 = -2*l - 0*l + 1394. Is l a composite number?
True
Suppose -4*s - d + 13363 = 0, -4*s + 3*d = 5*d - 13366. Suppose 5*w - s = -0*w. Is 4/(-6) - w/(-12) composite?
True
Is (-4)/(-32) + (-357)/(-24) composite?
True
Let r(p) be the second derivative of -29*p**3/6 - p**2 + 2*p. Is r(-3) prime?
False
Is ((-9)/(-6))/((-6)/(-524)) prime?
True
Suppose 4*w - 2*w - 436 = 0. Suppose b + b = -3*k - 144, -4*k = 3*b + w. Is ((-8)/12)/(4/b) a composite number?
False
Let j(g) = g**3 - 3*g**2 + 2*g + 4. Let r(o) = o**3 - 7*o**2 + 5*o + 9. Let k(i) = 7*j(i) - 3*r(i). Is k(3) prime?
False
Let s = -56 - -39. Let v be (s/(-4))/(4/(-16)). Let b = -3 - v. Is b prime?
False
Let u = -529 + 1056. Is u a prime number?
False
Let u(b) be the third derivative of 25*b**4/8 + b**3/2 + b**2. Let d be u(-2). Let o = d + 334. Is o prime?
False
Let y(h) = -h**2 - 4*h + 2. Let p be y(-4). Suppose -b - 484 = -5*b + 4*f, 0 = 3*b + p*f - 368. Suppose 5*l = 153 + b. Is l a prime number?
False
Let y = -6 - -5. Is y - (-253 - (3 + -2)) prime?
False
Let w(o) = 4*o - 13. Let u = 112 - 67. Suppose m + u = 5*a, 2*a + 0*m - 18 = m. Is w(a) a composite number?
False
Let g(n) = 2*n**3 - 2*n**2 + 2*n - 2. Let v be g(5). Suppose 3*x - x = -v. Is (-1)/(-3) + x/(-3) a prime number?
False
Let w be (12/5)/((-3)/(-40)). Let f = w + -19. Is f a prime number?
True
Suppose 20 = -5*y, 4*p - 404 = -0*p + 4*y. Is p a composite number?
False
Suppose 2*u - 490 = 12. Is u prime?
True
Suppose -146 - 44 = -a. Let r = a + -105. Is r a prime number?
False
Let p(g) = g**3 - 5*g**2 + 3. Let x be p(5). Suppose -n + x*l + 103 - 38 = 0, -4*l - 126 = -2*n. Is n prime?
True
Suppose -3*k = -4*k - 1, 3*k = -2*j - 13. Let c(x) = x**2 - 5*x - 5 + 5*x - x. Is c(j) composite?
True
Let q b